te number?
False
Let g(b) = 16 - 2*b - 2 + 6*b + 15*b**2. Is g(5) a composite number?
False
Let n be 24/(-2)*(-7 + 8). Let z(p) = 3*p**2 + 12*p - 21. Let a be z(n). Is 1/((-1)/a*-3) prime?
True
Suppose 5*d + 3*d = 32. Suppose h = -m + 639, 1837 = 4*h - d*m - 735. Is h prime?
True
Suppose -7*j + 2*v - 123 = -2*j, 104 = -4*j - 4*v. Let g(q) = q**3 + 27*q**2 - 2*q + 19. Is g(j) a composite number?
False
Let h(g) = 39*g**3 - 37*g - 10 + 3 + 37*g + 5*g**2. Is h(4) composite?
True
Suppose 2*f = -3*o + 130, 2*o + 2*o - 180 = 4*f. Is 26892/o - (-4)/(-22) composite?
True
Let c(y) = -3885*y - 2. Let n(p) = 1942*p + 2. Let g(z) = -2*c(z) - 5*n(z). Is g(-1) composite?
True
Let w be (3 - 4)*17 + 2. Let z = -13 - w. Suppose -d + 953 = 5*x, -386 = -0*x - z*x + 2*d. Is x prime?
True
Let q = -26 - -29. Suppose q = z + 8. Let t(c) = 11*c**2 + 2*c + 4. Is t(z) a composite number?
False
Suppose 2 = 2*p - 0, -v + 4*p + 2455 = 0. Is v a prime number?
True
Let v be -5 - -3 - (11 - -1). Let u(h) be the second derivative of h**4/6 + 4*h**3/3 - 15*h**2/2 + 4*h. Is u(v) a prime number?
False
Suppose 2*x - 2862 = -4*l, -2*x - 3*x - 5*l = -7180. Is x a composite number?
True
Is (-37)/(((-1)/(-67))/(21/(-21))) a composite number?
True
Suppose 54*p - 175*p = -1500763. Is p prime?
False
Let f be 1*-403 + 7/((-21)/(-6)). Suppose q + 2*q = o - 1994, 2*q + 1336 = -o. Let m = f - q. Is m a prime number?
False
Is 5*(-3)/3 + 472 a prime number?
True
Let u(z) = z**2 + 3*z - 2. Let i(j) = j**2 + 5*j - 3. Let d(w) = 3*i(w) - 5*u(w). Let y be d(-1). Let t(q) = -297*q + 2. Is t(y) composite?
True
Let x = -9296 - -13855. Is x a composite number?
True
Let v be 3 + -1 - (-3 - -3). Suppose -3*o - z + 357 = -0*z, 0 = o - v*z - 119. Is o a prime number?
False
Suppose 0 = -g - 4 + 5, 3*v - 5*g = 16441. Suppose -6*y + 8*y = v. Is y a composite number?
False
Let c = -10610 + 42081. Is c composite?
True
Suppose -1008 = 3*r - 12*r. Suppose -s + 840 - r = 5*q, 3 = s. Is q a composite number?
True
Let a(w) = -21*w - 2. Let g be a(-7). Let n = -194 - -98. Let z = n + g. Is z a prime number?
False
Let m be (-2)/3 + 16/6. Suppose m = -g + 3. Is (-2 + g + 2)*59 a prime number?
True
Is 47333 - ((-4)/(-12))/((-1)/18) prime?
True
Let l = 166 + 368. Let d be 4/6 - 617/3. Let z = l + d. Is z prime?
False
Let r be 6 - -2 - (15/1)/3. Suppose 0 = b - 169 - 58. Suppose -v - d = 2*d - 127, 2*v - b = r*d. Is v composite?
True
Let f(x) be the third derivative of -14*x**4/3 - 19*x**3/6 + x**2. Is f(-8) prime?
True
Let z(n) be the first derivative of 117/2*n**2 + 11 + 22*n. Is z(7) prime?
False
Suppose -6*f + 4407 = -651. Is f composite?
True
Suppose -9*w + 221 = 770. Let i = w + 184. Is i composite?
True
Suppose -191*x = -196*x + 39155. Suppose 5*y + 7835 = 3*m + y, -3*m + 2*y + x = 0. Is m a composite number?
False
Suppose 2*l - 7322 = 2*d - 0*d, -3657 = -l + 2*d. Is l a prime number?
False
Suppose -6 = 2*k, -7 = 3*j - k - 1. Is (-416)/j - 6/(-18) composite?
False
Let u be (-10)/40 + (-9)/(-4). Suppose -3*k - 445 = -1267. Suppose 108 + k = u*z. Is z prime?
True
Suppose -2*p + 7*p + 4*c + 10 = 0, -8 = 3*p + 2*c. Is (-4456)/p + (-3)/(-9) composite?
False
Let n(m) = 12*m**2 + 5. Let r be (-96)/14 + (-2)/14. Let l be -1 + 8 - (8 + r). Is n(l) composite?
True
Let u = -50822 + 71943. Is u composite?
False
Let v(l) = 11*l**3 - 20*l**2 - 17*l + 49. Is v(19) a composite number?
True
Suppose 10 = 5*g + 5*p, 3*g - 3*p - 29 = -g. Suppose g*t - 4*t = 87. Let m = 136 - t. Is m prime?
False
Suppose 0 = -m + 2*f + 5210 + 12069, 0 = -4*m + 2*f + 69086. Is m prime?
False
Is (-3456080)/(-32)*((-6)/2 - -5) prime?
False
Let b = 6655 - 3452. Is b a composite number?
False
Suppose 2*d - v = 40 + 8, 5*d = -3*v + 142. Let o = -30 + d. Is ((-708)/3)/o*1 composite?
False
Let p be -995*9/(36/8). Let s = -1089 - p. Is s a prime number?
False
Let h be (-1)/2*(-3 + -3). Suppose -3*f = -4*x - 2 - 1, 0 = h*f + 3*x - 24. Suppose -f*t - 4*w = -91, 4*t = w - 12 + 89. Is t prime?
True
Let i be (3*2/(-3) + 1)*60. Is ((-10040)/i)/((-4)/(-6)) composite?
False
Suppose 0 = -2*s + l + 5, -7*s + 2*s = 3*l + 15. Suppose s = 5*m - 4914 + 379. Is m a prime number?
True
Let d = 8 - -1. Suppose d*n = -6*n + 11265. Is n composite?
False
Let f(g) be the first derivative of 26*g**3/3 + 9*g**2/2 + 16*g - 32. Is f(9) prime?
True
Suppose -8*q + 48 = 56. Let i(o) = o**2 + 3*o + 3. Let y be i(-2). Is y + 0 + q - -21 prime?
False
Suppose -s - 31 = -2*s. Suppose -4*n + s = 7. Is (-1)/(-2) + 1011/n a prime number?
False
Let w = 226 - 124. Suppose -3*c = -6*c + w. Is c a composite number?
True
Let l(r) = -5*r**2 + 11*r - 9. Let h be l(7). Let s = -64 - h. Is s a prime number?
True
Let x = 50 - 47. Is 485 - (x + (-9)/3) composite?
True
Suppose -4*m = -231 + 1847. Is 1 - (m/2 + 0) a prime number?
False
Let a = -1978 + 3459. Is a a composite number?
False
Suppose -2*c - 1893 = -3*h, c - 6*c = 4*h - 2501. Is h composite?
True
Let j(w) be the second derivative of 5*w**4/12 + 7*w**3/6 + 15*w**2/2 - 4*w. Is j(-7) a composite number?
False
Suppose -3*l - 2*k + 12915 = -1632, -2*l - 3*k = -9693. Let g = l + -2146. Is g prime?
False
Is 10809 - (6/(-2) + 7) composite?
True
Let j(l) = -226*l - 7. Let y = -26 + 18. Is j(y) composite?
False
Let k(j) = 2*j**2 + 3*j**2 - 5*j + 2*j**3 + 0*j**3 - j**3 - 1. Let s be k(-6). Is -2 - -126 - (4 + s) a composite number?
False
Suppose -58 - 55 = v + 5*p, -3*v + 2*p - 271 = 0. Is (66/(-18))/(1/v) composite?
True
Suppose 4*v - 7 = 1. Suppose -4*c + 5*b = -18, -v*c + 3*b = -4*c - 2. Suppose f + c*f = 423. Is f composite?
True
Suppose 0 = -3*i - 2*h + 22, -i + 0*i = -5*h + 21. Suppose i*z + 451 = 1295. Is z a prime number?
True
Suppose -8*w = -11708 - 11660. Is w composite?
True
Suppose 4*w = u + 3552, 0 = -w + 2*w - 4*u - 873. Suppose -w = x - 5*t, -3*t = -x - x - 1757. Let r = -567 - x. Is r prime?
True
Suppose -9*o - 6 = -11*o. Suppose -o*z - 3747 = -4*q, 0 = q + 4*z - 581 - 332. Is q composite?
True
Suppose 0 = -38*l - 411687 + 1488949. Is l composite?
False
Let c(r) = r**3 - r**2 + r + 23. Let a be c(0). Let z = -11 + a. Suppose 10 + z = o. Is o a prime number?
False
Suppose 0 = h + 787 - 3747. Let x = h - 1701. Is x a prime number?
True
Let t be -1 - (3/1 - 3835/13). Suppose 5*k + t - 986 = 0. Is k prime?
True
Let t be (2/1)/((-23)/2231). Let v = 523 + t. Is v composite?
True
Suppose 0 = 4*l - 26*l + 127798. Is l a composite number?
True
Let t = -5530 + 13043. Is t a prime number?
False
Suppose -109*u + 308970 = -79*u. Is u prime?
False
Let n(r) = 14*r**3 + 3*r**2 - 7*r - 11. Is n(6) a composite number?
False
Is -5 - -1 - 1 - -1359 a composite number?
True
Let c = -16404 - -26305. Is c prime?
True
Let o(c) = c + 2. Let n(b) = -b - 8. Let a be n(-8). Let y be o(a). Is (677 - (y + -3)) + 1 a prime number?
False
Suppose -4*k + 5173 + 3755 = 2*y, -5*y + 22328 = 2*k. Suppose 2*m - 5*f - y = 0, 0*m - 8984 = -4*m - 3*f. Is m a prime number?
True
Let w be (-6)/4*(-2 + 0/3). Suppose -w*i - 2045 + 8516 = 0. Is i a prime number?
False
Suppose -7*v + 39 = -2*v - o, -v + 7 = -o. Let z be v/(-10)*650/(-20). Let r = z + 17. Is r a composite number?
False
Let y = -35119 - -81300. Is y a composite number?
False
Let h(y) = 3*y**2 - 2*y - 13. Let f(o) = 6*o**2 - 5*o - 26. Let p(j) = -2*f(j) + 5*h(j). Is p(12) a composite number?
False
Suppose 5*w = 25, -2*k + 22557 = -0*w - 5*w. Is k prime?
False
Let h(j) = j. Let x be h(4). Suppose -4*t = 8, -x*f + 237 = t - 653. Is f prime?
True
Let a(q) = -35*q**2 - q - 2. Suppose -2*x = x - 9. Let i be a(x). Let d = -129 - i. Is d composite?
False
Suppose 2*o = -t + 48134, 3*o + t = 26757 + 45444. Is o a prime number?
False
Let o = 9358 + 15715. Is o composite?
False
Let s(l) = -15*l**3 - 21*l**2 - 11*l + 15. Let b(r) = -8*r**3 - 11*r**2 - 6*r + 8. Let g(k) = 11*b(k) - 6*s(k). Is g(5) composite?
False
Suppose -39*k + 55*k - 191344 = 0. Is k composite?
False
Let c(q) = -q + 8. Let f be c(8). Suppose f*v + 2*v + 54 = 0. Is v/(-1) + 7 + -11 a prime number?
True
Let w be (-260)/(-84) + 12/(-126). Let l = 630 + -324. Suppose w*s - 795 = l. Is s a composite number?
False
Is 5 + -2 + (-134532)/((-90)/10) prime?
True
Let i = -19 + 29. Let h(t) = -t**3 + 11*t**2 - 9*t - 8. Let s be h(i). Suppose 3 = -s*a + 41. Is a a composite numb